{"id":2,"date":"2018-12-04T10:36:29","date_gmt":"2018-12-04T10:36:29","guid":{"rendered":"https:\/\/www.fundacionanse.org\/?page_id=2"},"modified":"2020-04-28T14:33:24","modified_gmt":"2020-04-28T12:33:24","slug":"anse-stiftung","status":"publish","type":"page","link":"https:\/\/www.fundacionanse.org\/de\/","title":{"rendered":"ANSE Stiftung"},"content":{"rendered":"<div  class=\"lgc-column lgc-grid-parent lgc-grid-50 lgc-tablet-grid-50 lgc-mobile-grid-100 lgc-equal-heights \"><div  class=\"inside-grid-column\">\n<p><img loading=\"lazy\" decoding=\"async\" class=\"wp-image-20 size-full aligncenter\" src=\"https:\/\/www.fundacionanse.org\/wp-content\/uploads\/2019\/02\/puzzle-reservas-sureste.jpg\" alt=\"puzzle-reservas-sureste\" width=\"600\" height=\"600\" \/><\/p>\n<\/div><\/div>\n<div  class=\"lgc-column lgc-grid-parent lgc-grid-50 lgc-tablet-grid-50 lgc-mobile-grid-100 lgc-equal-heights \"><div  class=\"inside-grid-column\">\n<p>Wir sind eine Non-Profit-Stiftung, deren Hauptziel Landschaftspflege Initiativen zur Erhaltung der \u00d6kosysteme und Lebensr\u00e4ume entweder durch direkten Kauf oder durch Kooperationsvereinbarungen mit anderen Organisationen oder \u00f6ffentlichen Einrichtungen.<\/p>\n<p>Wir f\u00fchren auch aufsuchende Bem\u00fchungen, das Bewusstsein f\u00fcr unsere nat\u00fcrlichen Ressourcen zu erh\u00f6hen. F\u00f6rderung der Umweltbildung und Sensibilisierung f\u00fcr die Rolle, die das Individuum und die Gemeinschaft in der Umwelt spielen.<\/p>\n<p>Wir f\u00f6rdern und unterst\u00fctzen die Erforschung der Natur und den Problemen, die die Umwelt beeintr\u00e4chtigen und Initiativen f\u00f6rdern, die kulturelle, wissenschaftliche, soziale, \u00f6kologische, historische, k\u00fcnstlerische, anthropologische, ethnologische, soziologische, \u00f6konomische, rechtliche und allen im Zusammenhang f\u00f6rdern zur Erhaltung der Biodiversit\u00e4t und die nachhaltige Nutzung der nat\u00fcrlichen Ressourcen.<\/p>\n<\/div><\/div><div class=\"lgc-clear\"><\/div>\n","protected":false},"excerpt":{"rendered":"","protected":false},"author":1,"featured_media":33,"parent":0,"menu_order":0,"comment_status":"closed","ping_status":"open","template":"","meta":{"footnotes":""},"class_list":["post-2","page","type-page","status-publish","has-post-thumbnail"],"yoast_head":"<!-- This site is optimized with the Yoast SEO plugin v26.9 - https:\/\/yoast.com\/product\/yoast-seo-wordpress\/ -->\n<title>ANSE Stiftung - ANSE Stiftung<\/title>\n<meta name=\"robots\" content=\"index, follow, max-snippet:-1, max-image-preview:large, max-video-preview:-1\" \/>\n<link rel=\"canonical\" href=\"https:\/\/www.fundacionanse.org\/de\/\" \/>\n<meta property=\"og:locale\" content=\"de_DE\" \/>\n<meta property=\"og:type\" content=\"article\" \/>\n<meta property=\"og:title\" content=\"ANSE Stiftung - ANSE Stiftung\" \/>\n<meta property=\"og:url\" content=\"https:\/\/www.fundacionanse.org\/de\/\" \/>\n<meta property=\"og:site_name\" content=\"ANSE Stiftung\" \/>\n<meta property=\"article:publisher\" content=\"https:\/\/www.facebook.com\/AsociacionANSE\" \/>\n<meta property=\"article:modified_time\" content=\"2020-04-28T12:33:24+00:00\" \/>\n<meta property=\"og:image\" content=\"https:\/\/www.fundacionanse.org\/de\/wp-content\/uploads\/sites\/3\/2019\/06\/201906penyas-blancas-el-canyar.jpg\" \/>\n\t<meta property=\"og:image:width\" content=\"2000\" \/>\n\t<meta property=\"og:image:height\" content=\"659\" \/>\n\t<meta property=\"og:image:type\" content=\"image\/jpeg\" \/>\n<meta name=\"twitter:card\" content=\"summary_large_image\" \/>\n<meta name=\"twitter:site\" content=\"@asociacionanse\" \/>\n<meta name=\"twitter:label1\" content=\"Gesch\u00e4tzte Lesezeit\" \/>\n\t<meta name=\"twitter:data1\" content=\"1\u00a0Minute\" \/>\n<script type=\"application\/ld+json\" class=\"yoast-schema-graph\">{\"@context\":\"https:\/\/schema.org\",\"@graph\":[{\"@type\":\"WebPage\",\"@id\":\"https:\/\/www.fundacionanse.org\/de\/\",\"url\":\"https:\/\/www.fundacionanse.org\/de\/\",\"name\":\"ANSE Stiftung - ANSE Stiftung\",\"isPartOf\":{\"@id\":\"https:\/\/www.fundacionanse.org\/de\/#website\"},\"primaryImageOfPage\":{\"@id\":\"https:\/\/www.fundacionanse.org\/de\/#primaryimage\"},\"image\":{\"@id\":\"https:\/\/www.fundacionanse.org\/de\/#primaryimage\"},\"thumbnailUrl\":\"https:\/\/www.fundacionanse.org\/de\/wp-content\/uploads\/sites\/3\/2019\/06\/201906penyas-blancas-el-canyar.jpg\",\"datePublished\":\"2018-12-04T10:36:29+00:00\",\"dateModified\":\"2020-04-28T12:33:24+00:00\",\"inLanguage\":\"de\",\"potentialAction\":[{\"@type\":\"ReadAction\",\"target\":[\"https:\/\/www.fundacionanse.org\/de\/\"]}]},{\"@type\":\"ImageObject\",\"inLanguage\":\"de\",\"@id\":\"https:\/\/www.fundacionanse.org\/de\/#primaryimage\",\"url\":\"https:\/\/www.fundacionanse.org\/de\/wp-content\/uploads\/sites\/3\/2019\/06\/201906penyas-blancas-el-canyar.jpg\",\"contentUrl\":\"https:\/\/www.fundacionanse.org\/de\/wp-content\/uploads\/sites\/3\/2019\/06\/201906penyas-blancas-el-canyar.jpg\",\"width\":2000,\"height\":659},{\"@type\":\"WebSite\",\"@id\":\"https:\/\/www.fundacionanse.org\/de\/#website\",\"url\":\"https:\/\/www.fundacionanse.org\/de\/\",\"name\":\"ANSE Stiftung\",\"description\":\"Land Stewardship\",\"publisher\":{\"@id\":\"https:\/\/www.fundacionanse.org\/de\/#organization\"},\"potentialAction\":[{\"@type\":\"SearchAction\",\"target\":{\"@type\":\"EntryPoint\",\"urlTemplate\":\"https:\/\/www.fundacionanse.org\/de\/?s={search_term_string}\"},\"query-input\":{\"@type\":\"PropertyValueSpecification\",\"valueRequired\":true,\"valueName\":\"search_term_string\"}}],\"inLanguage\":\"de\"},{\"@type\":\"Organization\",\"@id\":\"https:\/\/www.fundacionanse.org\/de\/#organization\",\"name\":\"ANSE Stiftung\",\"url\":\"https:\/\/www.fundacionanse.org\/de\/\",\"logo\":{\"@type\":\"ImageObject\",\"inLanguage\":\"de\",\"@id\":\"https:\/\/www.fundacionanse.org\/de\/#\/schema\/logo\/image\/\",\"url\":\"https:\/\/www.fundacionanse.org\/de\/wp-content\/uploads\/sites\/3\/2019\/06\/F-ANSE-color.svg\",\"contentUrl\":\"https:\/\/www.fundacionanse.org\/de\/wp-content\/uploads\/sites\/3\/2019\/06\/F-ANSE-color.svg\",\"caption\":\"ANSE Stiftung\"},\"image\":{\"@id\":\"https:\/\/www.fundacionanse.org\/de\/#\/schema\/logo\/image\/\"},\"sameAs\":[\"https:\/\/www.facebook.com\/AsociacionANSE\",\"https:\/\/x.com\/asociacionanse\",\"https:\/\/www.instagram.com\/asociacionanse\/\",\"https:\/\/www.linkedin.com\/company\/anse\",\"https:\/\/www.youtube.com\/user\/asociacionanse\",\"https:\/\/es.wikipedia.org\/wiki\/Asociaci\u00f3n_de_Naturalistas_del_Sureste\"]}]}<\/script>\n<!-- \/ Yoast SEO plugin. -->","yoast_head_json":{"title":"ANSE Stiftung - ANSE Stiftung","robots":{"index":"index","follow":"follow","max-snippet":"max-snippet:-1","max-image-preview":"max-image-preview:large","max-video-preview":"max-video-preview:-1"},"canonical":"https:\/\/www.fundacionanse.org\/de\/","og_locale":"de_DE","og_type":"article","og_title":"ANSE Stiftung - ANSE Stiftung","og_url":"https:\/\/www.fundacionanse.org\/de\/","og_site_name":"ANSE Stiftung","article_publisher":"https:\/\/www.facebook.com\/AsociacionANSE","article_modified_time":"2020-04-28T12:33:24+00:00","og_image":[{"width":2000,"height":659,"url":"https:\/\/www.fundacionanse.org\/de\/wp-content\/uploads\/sites\/3\/2019\/06\/201906penyas-blancas-el-canyar.jpg","type":"image\/jpeg"}],"twitter_card":"summary_large_image","twitter_site":"@asociacionanse","twitter_misc":{"Gesch\u00e4tzte Lesezeit":"1\u00a0Minute"},"schema":{"@context":"https:\/\/schema.org","@graph":[{"@type":"WebPage","@id":"https:\/\/www.fundacionanse.org\/de\/","url":"https:\/\/www.fundacionanse.org\/de\/","name":"ANSE Stiftung - ANSE Stiftung","isPartOf":{"@id":"https:\/\/www.fundacionanse.org\/de\/#website"},"primaryImageOfPage":{"@id":"https:\/\/www.fundacionanse.org\/de\/#primaryimage"},"image":{"@id":"https:\/\/www.fundacionanse.org\/de\/#primaryimage"},"thumbnailUrl":"https:\/\/www.fundacionanse.org\/de\/wp-content\/uploads\/sites\/3\/2019\/06\/201906penyas-blancas-el-canyar.jpg","datePublished":"2018-12-04T10:36:29+00:00","dateModified":"2020-04-28T12:33:24+00:00","inLanguage":"de","potentialAction":[{"@type":"ReadAction","target":["https:\/\/www.fundacionanse.org\/de\/"]}]},{"@type":"ImageObject","inLanguage":"de","@id":"https:\/\/www.fundacionanse.org\/de\/#primaryimage","url":"https:\/\/www.fundacionanse.org\/de\/wp-content\/uploads\/sites\/3\/2019\/06\/201906penyas-blancas-el-canyar.jpg","contentUrl":"https:\/\/www.fundacionanse.org\/de\/wp-content\/uploads\/sites\/3\/2019\/06\/201906penyas-blancas-el-canyar.jpg","width":2000,"height":659},{"@type":"WebSite","@id":"https:\/\/www.fundacionanse.org\/de\/#website","url":"https:\/\/www.fundacionanse.org\/de\/","name":"ANSE Stiftung","description":"Land Stewardship","publisher":{"@id":"https:\/\/www.fundacionanse.org\/de\/#organization"},"potentialAction":[{"@type":"SearchAction","target":{"@type":"EntryPoint","urlTemplate":"https:\/\/www.fundacionanse.org\/de\/?s={search_term_string}"},"query-input":{"@type":"PropertyValueSpecification","valueRequired":true,"valueName":"search_term_string"}}],"inLanguage":"de"},{"@type":"Organization","@id":"https:\/\/www.fundacionanse.org\/de\/#organization","name":"ANSE Stiftung","url":"https:\/\/www.fundacionanse.org\/de\/","logo":{"@type":"ImageObject","inLanguage":"de","@id":"https:\/\/www.fundacionanse.org\/de\/#\/schema\/logo\/image\/","url":"https:\/\/www.fundacionanse.org\/de\/wp-content\/uploads\/sites\/3\/2019\/06\/F-ANSE-color.svg","contentUrl":"https:\/\/www.fundacionanse.org\/de\/wp-content\/uploads\/sites\/3\/2019\/06\/F-ANSE-color.svg","caption":"ANSE Stiftung"},"image":{"@id":"https:\/\/www.fundacionanse.org\/de\/#\/schema\/logo\/image\/"},"sameAs":["https:\/\/www.facebook.com\/AsociacionANSE","https:\/\/x.com\/asociacionanse","https:\/\/www.instagram.com\/asociacionanse\/","https:\/\/www.linkedin.com\/company\/anse","https:\/\/www.youtube.com\/user\/asociacionanse","https:\/\/es.wikipedia.org\/wiki\/Asociaci\u00f3n_de_Naturalistas_del_Sureste"]}]}},"_links":{"self":[{"href":"https:\/\/www.fundacionanse.org\/de\/wp-json\/wp\/v2\/pages\/2","targetHints":{"allow":["GET"]}}],"collection":[{"href":"https:\/\/www.fundacionanse.org\/de\/wp-json\/wp\/v2\/pages"}],"about":[{"href":"https:\/\/www.fundacionanse.org\/de\/wp-json\/wp\/v2\/types\/page"}],"author":[{"embeddable":true,"href":"https:\/\/www.fundacionanse.org\/de\/wp-json\/wp\/v2\/users\/1"}],"replies":[{"embeddable":true,"href":"https:\/\/www.fundacionanse.org\/de\/wp-json\/wp\/v2\/comments?post=2"}],"version-history":[{"count":0,"href":"https:\/\/www.fundacionanse.org\/de\/wp-json\/wp\/v2\/pages\/2\/revisions"}],"wp:featuredmedia":[{"embeddable":true,"href":"https:\/\/www.fundacionanse.org\/de\/wp-json\/wp\/v2\/media\/33"}],"wp:attachment":[{"href":"https:\/\/www.fundacionanse.org\/de\/wp-json\/wp\/v2\/media?parent=2"}],"curies":[{"name":"wp","href":"https:\/\/api.w.org\/{rel}","templated":true}]}}

<div  class="lgc-column lgc-grid-parent lgc-grid-50 lgc-tablet-grid-50 lgc-mobile-grid-100 lgc-equal-heights "><div  class="inside-grid-column">
<p><img loading="lazy" decoding="async" class="wp-image-20 size-full aligncenter" src="https://www.fundacionanse.org/wp-content/uploads/2019/02/puzzle-reservas-sureste.jpg" alt="puzzle-reservas-sureste" width="600" height="600" /></p>
</div></div>
<div  class="lgc-column lgc-grid-parent lgc-grid-50 lgc-tablet-grid-50 lgc-mobile-grid-100 lgc-equal-heights "><div  class="inside-grid-column">
<p>Wir sind eine Non-Profit-Stiftung, deren Hauptziel Landschaftspflege Initiativen zur Erhaltung der Ökosysteme und Lebensräume entweder durch direkten Kauf oder durch Kooperationsvereinbarungen mit anderen Organisationen oder öffentlichen Einrichtungen.</p>
<p>Wir führen auch aufsuchende Bemühungen, das Bewusstsein für unsere natürlichen Ressourcen zu erhöhen. Förderung der Umweltbildung und Sensibilisierung für die Rolle, die das Individuum und die Gemeinschaft in der Umwelt spielen.</p>
<p>Wir fördern und unterstützen die Erforschung der Natur und den Problemen, die die Umwelt beeinträchtigen und Initiativen fördern, die kulturelle, wissenschaftliche, soziale, ökologische, historische, künstlerische, anthropologische, ethnologische, soziologische, ökonomische, rechtliche und allen im Zusammenhang fördern zur Erhaltung der Biodiversität und die nachhaltige Nutzung der natürlichen Ressourcen.</p>
</div></div><div class="lgc-clear"></div>

<!-- This site is optimized with the Yoast SEO plugin v26.9 - https://yoast.com/product/yoast-seo-wordpress/ -->
<title>ANSE Stiftung - ANSE Stiftung</title>
<meta name="robots" content="index, follow, max-snippet:-1, max-image-preview:large, max-video-preview:-1" />
<link rel="canonical" href="https://www.fundacionanse.org/de/" />
<meta property="og:locale" content="de_DE" />
<meta property="og:type" content="article" />
<meta property="og:title" content="ANSE Stiftung - ANSE Stiftung" />
<meta property="og:url" content="https://www.fundacionanse.org/de/" />
<meta property="og:site_name" content="ANSE Stiftung" />
<meta property="article:publisher" content="https://www.facebook.com/AsociacionANSE" />
<meta property="article:modified_time" content="2020-04-28T12:33:24+00:00" />
<meta property="og:image" content="https://www.fundacionanse.org/de/wp-content/uploads/sites/3/2019/06/201906penyas-blancas-el-canyar.jpg" />
	<meta property="og:image:width" content="2000" />
	<meta property="og:image:height" content="659" />
	<meta property="og:image:type" content="image/jpeg" />
<meta name="twitter:card" content="summary_large_image" />
<meta name="twitter:site" content="@asociacionanse" />
<meta name="twitter:label1" content="Geschätzte Lesezeit" />
	<meta name="twitter:data1" content="1 Minute" />
<script type="application/ld+json" class="yoast-schema-graph">{"@context":"https://schema.org","@graph":[{"@type":"WebPage","@id":"https://www.fundacionanse.org/de/","url":"https://www.fundacionanse.org/de/","name":"ANSE Stiftung - ANSE Stiftung","isPartOf":{"@id":"https://www.fundacionanse.org/de/#website"},"primaryImageOfPage":{"@id":"https://www.fundacionanse.org/de/#primaryimage"},"image":{"@id":"https://www.fundacionanse.org/de/#primaryimage"},"thumbnailUrl":"https://www.fundacionanse.org/de/wp-content/uploads/sites/3/2019/06/201906penyas-blancas-el-canyar.jpg","datePublished":"2018-12-04T10:36:29+00:00","dateModified":"2020-04-28T12:33:24+00:00","inLanguage":"de","potentialAction":[{"@type":"ReadAction","target":["https://www.fundacionanse.org/de/"]}]},{"@type":"ImageObject","inLanguage":"de","@id":"https://www.fundacionanse.org/de/#primaryimage","url":"https://www.fundacionanse.org/de/wp-content/uploads/sites/3/2019/06/201906penyas-blancas-el-canyar.jpg","contentUrl":"https://www.fundacionanse.org/de/wp-content/uploads/sites/3/2019/06/201906penyas-blancas-el-canyar.jpg","width":2000,"height":659},{"@type":"WebSite","@id":"https://www.fundacionanse.org/de/#website","url":"https://www.fundacionanse.org/de/","name":"ANSE Stiftung","description":"Land Stewardship","publisher":{"@id":"https://www.fundacionanse.org/de/#organization"},"potentialAction":[{"@type":"SearchAction","target":{"@type":"EntryPoint","urlTemplate":"https://www.fundacionanse.org/de/?s={search_term_string}"},"query-input":{"@type":"PropertyValueSpecification","valueRequired":true,"valueName":"search_term_string"}}],"inLanguage":"de"},{"@type":"Organization","@id":"https://www.fundacionanse.org/de/#organization","name":"ANSE Stiftung","url":"https://www.fundacionanse.org/de/","logo":{"@type":"ImageObject","inLanguage":"de","@id":"https://www.fundacionanse.org/de/#/schema/logo/image/","url":"https://www.fundacionanse.org/de/wp-content/uploads/sites/3/2019/06/F-ANSE-color.svg","contentUrl":"https://www.fundacionanse.org/de/wp-content/uploads/sites/3/2019/06/F-ANSE-color.svg","caption":"ANSE Stiftung"},"image":{"@id":"https://www.fundacionanse.org/de/#/schema/logo/image/"},"sameAs":["https://www.facebook.com/AsociacionANSE","https://x.com/asociacionanse","https://www.instagram.com/asociacionanse/","https://www.linkedin.com/company/anse","https://www.youtube.com/user/asociacionanse","https://es.wikipedia.org/wiki/Asociación_de_Naturalistas_del_Sureste"]}]}</script>
<!-- / Yoast SEO plugin. -->

https://es.wikipedia.org/wiki/Asociación_de_Naturalistas_del_Sureste
