{"version":"1.0","provider_name":"RESALAR","provider_url":"https:\/\/www.fundacionanse.org\/resalar","author_name":"fundacion","author_url":"https:\/\/www.fundacionanse.org\/resalar\/author\/fundacion\/","title":"ANSE con Poes\u00eda a Mares - RESALAR","type":"rich","width":600,"height":338,"html":"<blockquote class=\"wp-embedded-content\" data-secret=\"XUZ9TzBmps\"><a href=\"https:\/\/www.fundacionanse.org\/resalar\/2023\/06\/05\/anse-con-poesia-a-mares\/\">ANSE con Poes\u00eda a Mares<\/a><\/blockquote><iframe sandbox=\"allow-scripts\" security=\"restricted\" src=\"https:\/\/www.fundacionanse.org\/resalar\/2023\/06\/05\/anse-con-poesia-a-mares\/embed\/#?secret=XUZ9TzBmps\" width=\"600\" height=\"338\" title=\"\u00abANSE con Poes\u00eda a Mares\u00bb \u2014 RESALAR\" data-secret=\"XUZ9TzBmps\" frameborder=\"0\" marginwidth=\"0\" marginheight=\"0\" scrolling=\"no\" class=\"wp-embedded-content\"><\/iframe><script>\n\/*! This file is auto-generated *\/\n!function(d,l){\"use strict\";l.querySelector&&d.addEventListener&&\"undefined\"!=typeof URL&&(d.wp=d.wp||{},d.wp.receiveEmbedMessage||(d.wp.receiveEmbedMessage=function(e){var t=e.data;if((t||t.secret||t.message||t.value)&&!\/[^a-zA-Z0-9]\/.test(t.secret)){for(var s,r,n,a=l.querySelectorAll('iframe[data-secret=\"'+t.secret+'\"]'),o=l.querySelectorAll('blockquote[data-secret=\"'+t.secret+'\"]'),c=new RegExp(\"^https?:$\",\"i\"),i=0;i<o.length;i++)o[i].style.display=\"none\";for(i=0;i<a.length;i++)s=a[i],e.source===s.contentWindow&&(s.removeAttribute(\"style\"),\"height\"===t.message?(1e3<(r=parseInt(t.value,10))?r=1e3:~~r<200&&(r=200),s.height=r):\"link\"===t.message&&(r=new URL(s.getAttribute(\"src\")),n=new URL(t.value),c.test(n.protocol))&&n.host===r.host&&l.activeElement===s&&(d.top.location.href=t.value))}},d.addEventListener(\"message\",d.wp.receiveEmbedMessage,!1),l.addEventListener(\"DOMContentLoaded\",function(){for(var e,t,s=l.querySelectorAll(\"iframe.wp-embedded-content\"),r=0;r<s.length;r++)(t=(e=s[r]).getAttribute(\"data-secret\"))||(t=Math.random().toString(36).substring(2,12),e.src+=\"#?secret=\"+t,e.setAttribute(\"data-secret\",t)),e.contentWindow.postMessage({message:\"ready\",secret:t},\"*\")},!1)))}(window,document);\n<\/script>\n","thumbnail_url":"https:\/\/www.fundacionanse.org\/resalar\/wp-content\/uploads\/sites\/5\/2023\/06\/poesia01.jpg","thumbnail_width":1599,"thumbnail_height":899,"description":"ANSE tuvo la suerte de participar en \u00abPoes\u00eda a Mares\u00bb, un evento organizado en la bocana de cabo de palos con motivo del \u00abD\u00eda Internacional del Medio Ambiente\u00bb. Una idea innovadora que pretende unir cultura con naturaleza. Como plato fuerte de cultura, la poes\u00eda, tan en desuso en nuestros d\u00edas. ANSE particip\u00f3 en este evento ... Leer m\u00e1s"}

ANSE con Poesía a Mares - RESALAR

<blockquote class="wp-embedded-content" data-secret="XUZ9TzBmps"><a href="https://www.fundacionanse.org/resalar/2023/06/05/anse-con-poesia-a-mares/">ANSE con Poesía a Mares</a></blockquote><iframe sandbox="allow-scripts" security="restricted" src="https://www.fundacionanse.org/resalar/2023/06/05/anse-con-poesia-a-mares/embed/#?secret=XUZ9TzBmps" width="600" height="338" title="«ANSE con Poesía a Mares» — RESALAR" data-secret="XUZ9TzBmps" frameborder="0" marginwidth="0" marginheight="0" scrolling="no" class="wp-embedded-content"></iframe><script>
/*! This file is auto-generated */
!function(d,l){"use strict";l.querySelector&&d.addEventListener&&"undefined"!=typeof URL&&(d.wp=d.wp||{},d.wp.receiveEmbedMessage||(d.wp.receiveEmbedMessage=function(e){var t=e.data;if((t||t.secret||t.message||t.value)&&!/[^a-zA-Z0-9]/.test(t.secret)){for(var s,r,n,a=l.querySelectorAll('iframe[data-secret="'+t.secret+'"]'),o=l.querySelectorAll('blockquote[data-secret="'+t.secret+'"]'),c=new RegExp("^https?:$","i"),i=0;i<o.length;i++)o[i].style.display="none";for(i=0;i<a.length;i++)s=a[i],e.source===s.contentWindow&&(s.removeAttribute("style"),"height"===t.message?(1e3<(r=parseInt(t.value,10))?r=1e3:~~r<200&&(r=200),s.height=r):"link"===t.message&&(r=new URL(s.getAttribute("src")),n=new URL(t.value),c.test(n.protocol))&&n.host===r.host&&l.activeElement===s&&(d.top.location.href=t.value))}},d.addEventListener("message",d.wp.receiveEmbedMessage,!1),l.addEventListener("DOMContentLoaded",function(){for(var e,t,s=l.querySelectorAll("iframe.wp-embedded-content"),r=0;r<s.length;r++)(t=(e=s[r]).getAttribute("data-secret"))||(t=Math.random().toString(36).substring(2,12),e.src+="#?secret="+t,e.setAttribute("data-secret",t)),e.contentWindow.postMessage({message:"ready",secret:t},"*")},!1)))}(window,document);
</script>

ANSE tuvo la suerte de participar en «Poesía a Mares», un evento organizado en la bocana de cabo de palos con motivo del «Día Internacional del Medio Ambiente». Una idea innovadora que pretende unir cultura con naturaleza. Como plato fuerte de cultura, la poesía, tan en desuso en nuestros días. ANSE participó en este evento ... Leer más
